 - o. What is the tens digit of b?
5
Let a(c) = -3*c**3 - 17*c**2 - 103*c + 14. What is the tens digit of a(-17)?
9
Let f be 48/(-112) - (-117)/(-21). What is the units digit of (-13)/(-351)*f + (-8482)/(-18)?
1
Suppose -4*u - 4*t + 51020 = 0, -2*t - 8 = 2*t. What is the tens digit of u?
5
What is the hundreds digit of (4 - 6)*((-2)/33 - 18047/66)?
5
Let p be (-2)/6 + 1864/3. Suppose 0 = -4*s - 9*a + 6*a - 1733, -15 = -3*a. Let w = s + p. What is the units digit of w?
4
Suppose 5*h = -2*h - 441. Let f = h - -59. What is the units digit of f/(-26) + (-10360)/(-91)?
4
Let b(z) = 11*z**2 - 4*z - 30. Let a be b(-7). Suppose 3*x - a = 519. Let s = x - 136. What is the hundreds digit of s?
2
Let g(p) = 2*p**3 + 2*p**2. Let u be g(1). Suppose 2*b = 5*y + b - 2553, u*y = -b + 2037. What is the tens digit of y?
1
Suppose -o = 2*y + 43, -6*o = -4*y - 2*o - 68. Let l = y - -690. What is the units digit of l?
0
Let a(y) = y**3 + 26*y**2 - 55*y + 31. Suppose -3*t = 10*t + 364. Let p be a(t). Suppose 0 = -m - m - p*u + 348, -u = -4. What is the tens digit of m?
6
Suppose 0 = -33*x + 11029 + 1841. Suppose -73*v = -71*v - x. What is the tens digit of v?
9
Suppose x - 1 - 3 = -i, -2*x = -i - 8. Suppose 136 = -2*j + x*j - 4*m, -4*j - 4*m + 320 = 0. Suppose j = 17*t - 13*t. What is the tens digit of t?
1
Let n(u) = u**2 + 4*u + 15. Let y be n(0). What is the tens digit of -3 + (-7)/7*-2*y?
2
Let k(c) = c**2 + 11*c + 19. Let f be k(-9). What is the units digit of 5/((-25)/(-1390)) - f?
7
Suppose 0*b - v = -b + 72, 2*b = 5*v + 147. Let z = b - 41. Suppose 6*l - l = z. What is the units digit of l?
6
Suppose 138699 + 102099 = -230*i + 1150908. What is the thousands digit of i?
3
Let g(z) = z**3 + 6*z**2 - 3. Suppose -6*w = -6 + 36. Let r be g(w). Let i(c) = -c**3 + 21*c**2 + 23*c + 16. What is the units digit of i(r)?
8
Let w(g) = -g**2 + 8*g - 21. Let d be w(5). Let r be 2/((-1 + (-3)/d)/(-1)). Suppose -42 + 254 = r*h. What is the units digit of h?
3
Suppose 2*d + 2*y = 0, 0 = 3*d - 5*y - 9 - 23. Suppose -u + c = -954, -u - d*u + 4768 = -4*c. What is the units digit of u?
2
Let q(h) be the second derivative of 33*h**3/2 - 37*h**2/2 - 6*h + 7. What is the tens digit of q(3)?
6
Suppose 66744*v = 66740*v + 192736. What is the units digit of v?
4
Suppose -20*a = -24*a + 32. What is the hundreds digit of 55488/112 + a/14?
4
Let z = -224 + -88. Let k = z + 494. Suppose -9*p + 403 = -k. What is the units digit of p?
5
Let u be -4 - (3 + 399*(5 + -16)). Suppose -u = -4*o - 2*z, -3*o + 3285 = -12*z + 13*z. What is the thousands digit of o?
1
Let q(l) = l**2 - 25*l - 90. Let t(j) = 2*j**2 - 51*j - 179. Let z(r) = 11*q(r) - 6*t(r). What is the units digit of z(28)?
8
Suppose f = 2114 + 4902. What is the tens digit of f?
1
Let t(w) = w + 51. Let h be t(-32). What is the thousands digit of (h + -3)/(4 + 2408/(-604))?
1
Let j = 5483 + -2702. Suppose 3*b - 933 = 2*b - 3*v, -3*b = 3*v - j. What is the hundreds digit of b?
9
Let h(f) = -f**2 + 25*f - 112. Let p be h(5). Suppose -5*x - 5*c - 120 = 0, 3*c + c = 4*x + 96. What is the tens digit of (-6)/x - (1617/p - -1)?
3
Let r(m) be the second derivative of 67*m**3/6 - 36*m**2 + 8*m - 1. What is the tens digit of r(14)?
6
Let y(p) = 3*p**2 - 25*p + 40 - 49 + 3*p**2. What is the hundreds digit of y(8)?
1
Suppose -y = -2*b - 10626, 17557 = y - 5*b + 6943. What is the hundreds digit of y?
6
Let x(d) = 754*d**2 - 130*d - 1089. What is the tens digit of x(-8)?
0
Let j(d) = 104*d - 6220. What is the thousands digit of j(81)?
2
Suppose 0 = 13*i + 3*i. Suppose -5*n + 5*s = -70, n - 2 = -2*s - i. Suppose -3*t = 4*p - 23, 3*p + 0*t = 5*t + n. What is the units digit of p?
5
Let q(h) be the second derivative of -8*h**3 + 209*h**2/2 + 115*h. What is the tens digit of q(-17)?
2
Let g = 13625 + -2725. What is the ten thousands digit of g?
1
Suppose -4*d - p = -2*p + 2, -5*d - 3*p = -6. Let k(z) = z**3 - 3*z**2 - 2*z + 667. What is the tens digit of k(d)?
6
Suppose 2*r + 585 + 577 = 0. Let y = r + 341. What is the tens digit of (62/(-8))/(10/y)?
8
Let x be 33/(-22)*5/(15/(-46)). Let p = -17 + x. What is the tens digit of (-5)/((-5)/p)*(9 + -4)?
3
Suppose 3*t - 4808 = 2*b, -5*t + b + 237 = -7788. What is the units digit of t?
6
Suppose l - 3*p - p - 1678 = 0, 0 = 4*l + p - 6644. What is the units digit of l?
2
Let b = 20819 + -6450. What is the tens digit of b?
6
Let s(l) = 12*l**2 + 2*l + 1. Let o be s(-1). Let z = -5 + o. What is the units digit of ((-78)/(-5))/(z/20)?
2
Let i(g) = -902*g + 40. Suppose 43 = -6*x + 37. What is the hundreds digit of i(x)?
9
Let b(t) = t + 8*t + 10 - 32 + 7. Let v be b(2). Suppose 2*j + 415 = 5*o, v*o + 2*j = -2*j + 275. What is the units digit of o?
5
Let p = -528 - -11637. What is the thousands digit of p?
1
Let s(k) = -159*k**3 - 2*k**2 - 5*k - 10. What is the thousands digit of s(-5)?
9
Suppose 8 + 33 = n. Let i = 29 - n. Let f(q) = -4*q + 1. What is the tens digit of f(i)?
4
Let u be (1*4)/2 - (-67918)/29. Suppose 10*m - u = 2*m. What is the tens digit of m?
9
Let x(a) = -31*a**3 + 3*a**2 - 51*a - 176. What is the tens digit of x(-8)?
9
Suppose 18 - 20 = -i. Suppose 0 = -2*q + r + 33, 3*r = 7 + i. Suppose 3*n = 9*n - q. What is the units digit of n?
3
Let z be 11*62 - (-32 + 37). Let r = z - 376. What is the tens digit of r?
0
Let u be ((-6)/4)/(3/18). Let b be 1 - 33654/(-15) - 12/20. What is the units digit of (-2)/u + b/108?
1
Suppose 18733 = -23*h - 46*h + 669886. What is the units digit of h?
7
Let j(q) = -q + 31*q**2 - 16*q**2 - 8*q + 19 - q. What is the units digit of j(6)?
9
Suppose m = 4*u - 9*u + 1081, -u = -4*m - 212. Suppose 0 = -v + u - 220. What is the units digit of 26/v*-5*4?
0
Suppose -3*j = 2*i - 59311, 15*i - 16*i = -2. What is the tens digit of j?
6
Let a(y) = -155*y**2 + 11*y - 5. Let w be a(-4). Let j = 3981 + w. What is the units digit of j?
2
Let u(p) = 367*p + 117. What is the units digit of u(8)?
3
Suppose -5*h + 195797 = 3*j, 78294 = 2*h + 301*j - 306*j. What is the thousands digit of h?
9
Let f = 8102 - 734. Suppose 5*l - k - 9212 = -3*k, 2*k - f = -4*l. What is the thousands digit of l?
1
What is the thousands digit of (-1 + 11/22)*-4376?
2
Let r = 105 + -96. What is the units digit of r/((-72)/76)*-16?
2
Suppose 3*i + 11 = 4*o, 3*o + 0*i - 3*i = 9. Suppose 7*z - 5*f + 533 = 10*z, -5*z - o*f = -901. What is the tens digit of z?
8
Let v(a) = -3004*a + 8658. What is the thousands digit of v(-8)?
2
Let o(l) = -2*l**2 + 273*l + 138. What is the tens digit of o(70)?
4
Suppose 122*h + 5670 = 115*h. What is the tens digit of 3/((-4866)/h - 6)?
0
Let o(h) = -160*h + 157*h - 3*h**2 - h**3 + 8*h**2. Suppose w = -5*f - 12, 0*w = -4*w - 4*f. What is the units digit of o(w)?
9
Let w = 20999 - 11796. What is the units digit of w?
3
Suppose 0 = -3*g + 36 - 24. Suppose -2*t - 2908 = -5*s + s, 2914 = g*s + t. What is the tens digit of s?
2
Let o(c) = -5*c - 24. Let s be o(-6). Suppose -1109 = -s*z + 1801. What is the hundreds digit of z?
4
Suppose 2*o = 4*x + 33 + 3, 20 = o - 4*x. Suppose 5*w = 2*t - 1065, -5*t + 19*w = o*w - 2710. What is the hundreds digit of t?
5
Let x(d) = -d**2 + 3*d + 15. Let a be x(5). Let g(b) = -4 - 1 + 12*b - 1. What is the tens digit of g(a)?
5
Let z(y) = 24*y + 61*y + 36*y + 126*y + 137. What is the tens digit of z(4)?
2
Let f(p) = -p**2 - 3*p + 3. Let w be f(-3). Suppose 4*m = 5*a - 3600, -w*m + 228 = 5*a - 3337. What is the tens digit of a?
1
Let l = 81 + -76. Suppose 5*t = l*r + 195, -4*t = -0*t + r - 171. What is the units digit of t?
2
Let t be (3 + -1)*(571/2 - -1). Let l = 551 + t. What is the tens digit of l?
2
Suppose -6*q + 2*q - 32 = -3*l, 2*l = 2*q + 18. Suppose 3*m - l*i + 90 = 1007, 3*m - 2*i = 919. Let h = m - 166. What is the tens digit of h?
4
Let m(w) = 23*w**2 + 9*w - 512. What is the units digit of m(21)?
0
Let a(v) = -7799*v + 21. What is the tens digit of a(-1)?
2
Let h(z) = z**3 + 17*z**2 - 18*z + 5. Let q be h(-18). Suppose -q*s = -f + 136 + 492, -f - 2 = 0. Let i = 238 + s. What is the units digit of i?
2
Let g be 286/44*(3 + -1). What is the units digit of g/((-1326)/12) - 7465/(-17)?
9
Let i be (9/(-15) - -3)*-5. What is the tens digit of -582*((-56)/i)/(-7)?
8
Let f(y) = -y**3 + 5*y**2 + 3*y + 8. Let h be f(5). Suppose -q + h = 42. What 